{"id":319,"date":"2023-08-16T14:41:49","date_gmt":"2023-08-16T12:41:49","guid":{"rendered":"https:\/\/atelier-cric-automata.com\/?page_id=319"},"modified":"2023-09-27T18:07:11","modified_gmt":"2023-09-27T16:07:11","slug":"qui-suis-je","status":"publish","type":"page","link":"https:\/\/atelier-cric-automata.com\/index.php\/qui-suis-je\/","title":{"rendered":"Qui suis-je"},"content":{"rendered":"\n<div class=\"wp-block-uagb-advanced-heading uagb-block-f221e2d5\"><h2 class=\"uagb-heading-text\">Qui suis-je ?<\/h2><\/div>\n\n\n\n<div style=\"height:50px\" aria-hidden=\"true\" class=\"wp-block-spacer\"><\/div>\n\n\n\n<div class=\"wp-block-uagb-advanced-heading uagb-block-0584ad80\"><h4 class=\"uagb-heading-text\">15 ans d&#8217;exp\u00e9rience dans un univers insolite<\/h4><\/div>\n\n\n\n<div style=\"height:50px\" aria-hidden=\"true\" class=\"wp-block-spacer\"><\/div>\n\n\n\n<div class=\"wp-block-columns is-layout-flex wp-container-core-columns-is-layout-9d6595d7 wp-block-columns-is-layout-flex\">\n<div class=\"wp-block-column is-layout-flow wp-block-column-is-layout-flow\">\n<p class=\"has-colibri-color-6-color has-text-color\">Apr\u00e8s 15 ann\u00e9es \u00e0 exercer en tant que costumi\u00e8re d\u00e9coratrice au sein des ateliers de fabrication du Mus\u00e9e des Automates du Vieux-Lyon, une nouvelle aventure passionnante, cr\u00e9ative et artisanale s&#8217;offre \u00e0 moi !<\/p>\n\n\n\n<p class=\"has-colibri-color-6-color has-text-color\">Je suis aujourd&#8217;hui Restauratrice d&#8217;automates et de marionnettes anciennes et modernes. Je suis \u00e9galement cr\u00e9atrice de marionnettes \u00e0 gaine et animatrice d&#8217;ateliers autour de l&#8217;univers de la couture et des marionnettes.<\/p>\n\n\n\n<p class=\"has-colibri-color-6-color has-text-color\">Mes valeurs sont celles du partage de savoir-faire, la valorisation de l&#8217;objet et sa conservation. J&#8217;aime mettre en avant, dans chacune de mes animations, la mixit\u00e9 et l&#8217;estime de soi.<\/p>\n\n\n\n<div class=\"wp-block-uagb-buttons uagb-buttons__outer-wrap uagb-btn__default-btn uagb-btn-tablet__default-btn uagb-btn-mobile__default-btn uagb-block-c54d1df6\"><div class=\"uagb-buttons__wrap uagb-buttons-layout-wrap\">\n<div class=\"wp-block-uagb-buttons-child uagb-buttons__outer-wrap uagb-block-30e19529 wp-block-button\"><div class=\"uagb-button__wrapper\"><a class=\"uagb-buttons-repeater wp-block-button__link\" href=\"https:\/\/atelier-cric-automata.com\/index.php\/mon-parcours\/\" onclick=\"return true;\" rel=\"follow noopener\" target=\"_self\"><div class=\"uagb-button__link\">D\u00e9couvrir mon parcours<\/div><\/a><\/div><\/div>\n\n\n\n<div class=\"wp-block-uagb-buttons-child uagb-buttons__outer-wrap uagb-block-837d1f67 wp-block-button\"><div class=\"uagb-button__wrapper\"><a class=\"uagb-buttons-repeater wp-block-button__link\" href=\"https:\/\/atelier-cric-automata.com\/index.php\/mon-savoir-faire\/\" onclick=\"return true;\" rel=\"follow noopener\" target=\"_self\"><div class=\"uagb-button__link\">D\u00e9couvrir mon savoir-faire<\/div><\/a><\/div><\/div>\n<\/div><\/div>\n<\/div>\n\n\n\n<div class=\"wp-block-column is-layout-flow wp-block-column-is-layout-flow\">\n<div class=\"wp-block-uagb-image aligncenter uagb-block-12367622 wp-block-uagb-image--layout-default wp-block-uagb-image--effect-static wp-block-uagb-image--align-center\"><figure class=\"wp-block-uagb-image__figure\"><img decoding=\"async\" srcset=\"https:\/\/atelier-cric-automata.com\/wp-content\/uploads\/2023\/08\/Qui-suis-je-300x300.jpg \" sizes=\"auto, (max-width: 480px) 150px\" src=\"https:\/\/atelier-cric-automata.com\/wp-content\/uploads\/2023\/08\/Qui-suis-je-300x300.jpg\" alt=\"Qui suis-je...\" class=\"uag-image-968\" width=\"300\" height=\"300\" title=\"\" loading=\"lazy\"\/><\/figure><\/div>\n<\/div>\n<\/div>\n","protected":false},"excerpt":{"rendered":"<p>Qui suis-je ? 15 ans d&#8217;exp\u00e9rience dans un univers insolite Apr\u00e8s 15 ann\u00e9es \u00e0 exercer en tant que costumi\u00e8re d\u00e9coratrice au sein des ateliers de fabrication du Mus\u00e9e des Automates du Vieux-Lyon, une nouvelle aventure passionnante, cr\u00e9ative et artisanale s&#8217;offre \u00e0 moi ! Je suis aujourd&#8217;hui Restauratrice d&#8217;automates et de marionnettes anciennes et modernes. Je [&hellip;]<\/p>\n","protected":false},"author":1,"featured_media":0,"parent":0,"menu_order":0,"comment_status":"closed","ping_status":"closed","template":"","meta":{"_uag_custom_page_level_css":"","footnotes":""},"class_list":["post-319","page","type-page","status-publish","hentry"],"yoast_head":"<!-- This site is optimized with the Yoast SEO plugin v27.4 - https:\/\/yoast.com\/product\/yoast-seo-wordpress\/ -->\n<title>Qui suis-je - Atelier Cric Automata<\/title>\n<meta name=\"description\" content=\"Qui suis-je : Restauratrice d&#039;automates et marionnettes, cr\u00e9atrice de marionnettes \u00e0 gaine et animatrice d&#039;ateliers couture et marionnettes.\" \/>\n<meta name=\"robots\" content=\"index, follow, max-snippet:-1, max-image-preview:large, max-video-preview:-1\" \/>\n<link rel=\"canonical\" href=\"https:\/\/atelier-cric-automata.com\/index.php\/qui-suis-je\/\" \/>\n<meta property=\"og:locale\" content=\"en_US\" \/>\n<meta property=\"og:type\" content=\"article\" \/>\n<meta property=\"og:title\" content=\"Qui suis-je - Atelier Cric Automata\" \/>\n<meta property=\"og:description\" content=\"Qui suis-je : Restauratrice d&#039;automates et marionnettes, cr\u00e9atrice de marionnettes \u00e0 gaine et animatrice d&#039;ateliers couture et marionnettes.\" \/>\n<meta property=\"og:url\" content=\"https:\/\/atelier-cric-automata.com\/index.php\/qui-suis-je\/\" \/>\n<meta property=\"og:site_name\" content=\"Atelier Cric Automata\" \/>\n<meta property=\"article:modified_time\" content=\"2023-09-27T16:07:11+00:00\" \/>\n<meta property=\"og:image\" content=\"https:\/\/atelier-cric-automata.com\/wp-content\/uploads\/2023\/08\/Qui-suis-je-300x300.jpg\" \/>\n<meta name=\"twitter:card\" content=\"summary_large_image\" \/>\n<meta name=\"twitter:label1\" content=\"Est. reading time\" \/>\n\t<meta name=\"twitter:data1\" content=\"1 minute\" \/>\n<script type=\"application\/ld+json\" class=\"yoast-schema-graph\">{\"@context\":\"https:\\\/\\\/schema.org\",\"@graph\":[{\"@type\":\"WebPage\",\"@id\":\"https:\\\/\\\/atelier-cric-automata.com\\\/index.php\\\/qui-suis-je\\\/\",\"url\":\"https:\\\/\\\/atelier-cric-automata.com\\\/index.php\\\/qui-suis-je\\\/\",\"name\":\"Qui suis-je - Atelier Cric Automata\",\"isPartOf\":{\"@id\":\"https:\\\/\\\/atelier-cric-automata.com\\\/#website\"},\"primaryImageOfPage\":{\"@id\":\"https:\\\/\\\/atelier-cric-automata.com\\\/index.php\\\/qui-suis-je\\\/#primaryimage\"},\"image\":{\"@id\":\"https:\\\/\\\/atelier-cric-automata.com\\\/index.php\\\/qui-suis-je\\\/#primaryimage\"},\"thumbnailUrl\":\"https:\\\/\\\/atelier-cric-automata.com\\\/wp-content\\\/uploads\\\/2023\\\/08\\\/Qui-suis-je-300x300.jpg\",\"datePublished\":\"2023-08-16T12:41:49+00:00\",\"dateModified\":\"2023-09-27T16:07:11+00:00\",\"description\":\"Qui suis-je : Restauratrice d'automates et marionnettes, cr\u00e9atrice de marionnettes \u00e0 gaine et animatrice d'ateliers couture et marionnettes.\",\"breadcrumb\":{\"@id\":\"https:\\\/\\\/atelier-cric-automata.com\\\/index.php\\\/qui-suis-je\\\/#breadcrumb\"},\"inLanguage\":\"en-US\",\"potentialAction\":[{\"@type\":\"ReadAction\",\"target\":[\"https:\\\/\\\/atelier-cric-automata.com\\\/index.php\\\/qui-suis-je\\\/\"]}]},{\"@type\":\"ImageObject\",\"inLanguage\":\"en-US\",\"@id\":\"https:\\\/\\\/atelier-cric-automata.com\\\/index.php\\\/qui-suis-je\\\/#primaryimage\",\"url\":\"https:\\\/\\\/atelier-cric-automata.com\\\/wp-content\\\/uploads\\\/2023\\\/08\\\/Qui-suis-je-300x300.jpg\",\"contentUrl\":\"https:\\\/\\\/atelier-cric-automata.com\\\/wp-content\\\/uploads\\\/2023\\\/08\\\/Qui-suis-je-300x300.jpg\"},{\"@type\":\"BreadcrumbList\",\"@id\":\"https:\\\/\\\/atelier-cric-automata.com\\\/index.php\\\/qui-suis-je\\\/#breadcrumb\",\"itemListElement\":[{\"@type\":\"ListItem\",\"position\":1,\"name\":\"Accueil\",\"item\":\"https:\\\/\\\/atelier-cric-automata.com\\\/\"},{\"@type\":\"ListItem\",\"position\":2,\"name\":\"Qui suis-je\"}]},{\"@type\":\"WebSite\",\"@id\":\"https:\\\/\\\/atelier-cric-automata.com\\\/#website\",\"url\":\"https:\\\/\\\/atelier-cric-automata.com\\\/\",\"name\":\"Atelier Cric Automata\",\"description\":\"Restauration d&#039;automates et marionnettes\",\"publisher\":{\"@id\":\"https:\\\/\\\/atelier-cric-automata.com\\\/#organization\"},\"potentialAction\":[{\"@type\":\"SearchAction\",\"target\":{\"@type\":\"EntryPoint\",\"urlTemplate\":\"https:\\\/\\\/atelier-cric-automata.com\\\/?s={search_term_string}\"},\"query-input\":{\"@type\":\"PropertyValueSpecification\",\"valueRequired\":true,\"valueName\":\"search_term_string\"}}],\"inLanguage\":\"en-US\"},{\"@type\":\"Organization\",\"@id\":\"https:\\\/\\\/atelier-cric-automata.com\\\/#organization\",\"name\":\"Atelier Cric Automata\",\"url\":\"https:\\\/\\\/atelier-cric-automata.com\\\/\",\"logo\":{\"@type\":\"ImageObject\",\"inLanguage\":\"en-US\",\"@id\":\"https:\\\/\\\/atelier-cric-automata.com\\\/#\\\/schema\\\/logo\\\/image\\\/\",\"url\":\"https:\\\/\\\/atelier-cric-automata.com\\\/wp-content\\\/uploads\\\/2025\\\/02\\\/Logo-blanc-Test-2025-BLANC.png\",\"contentUrl\":\"https:\\\/\\\/atelier-cric-automata.com\\\/wp-content\\\/uploads\\\/2025\\\/02\\\/Logo-blanc-Test-2025-BLANC.png\",\"width\":2034,\"height\":763,\"caption\":\"Atelier Cric Automata\"},\"image\":{\"@id\":\"https:\\\/\\\/atelier-cric-automata.com\\\/#\\\/schema\\\/logo\\\/image\\\/\"}}]}<\/script>\n<!-- \/ Yoast SEO plugin. -->","yoast_head_json":{"title":"Qui suis-je - Atelier Cric Automata","description":"Qui suis-je : Restauratrice d'automates et marionnettes, cr\u00e9atrice de marionnettes \u00e0 gaine et animatrice d'ateliers couture et marionnettes.","robots":{"index":"index","follow":"follow","max-snippet":"max-snippet:-1","max-image-preview":"max-image-preview:large","max-video-preview":"max-video-preview:-1"},"canonical":"https:\/\/atelier-cric-automata.com\/index.php\/qui-suis-je\/","og_locale":"en_US","og_type":"article","og_title":"Qui suis-je - Atelier Cric Automata","og_description":"Qui suis-je : Restauratrice d'automates et marionnettes, cr\u00e9atrice de marionnettes \u00e0 gaine et animatrice d'ateliers couture et marionnettes.","og_url":"https:\/\/atelier-cric-automata.com\/index.php\/qui-suis-je\/","og_site_name":"Atelier Cric Automata","article_modified_time":"2023-09-27T16:07:11+00:00","og_image":[{"url":"https:\/\/atelier-cric-automata.com\/wp-content\/uploads\/2023\/08\/Qui-suis-je-300x300.jpg","type":"","width":"","height":""}],"twitter_card":"summary_large_image","twitter_misc":{"Est. reading time":"1 minute"},"schema":{"@context":"https:\/\/schema.org","@graph":[{"@type":"WebPage","@id":"https:\/\/atelier-cric-automata.com\/index.php\/qui-suis-je\/","url":"https:\/\/atelier-cric-automata.com\/index.php\/qui-suis-je\/","name":"Qui suis-je - Atelier Cric Automata","isPartOf":{"@id":"https:\/\/atelier-cric-automata.com\/#website"},"primaryImageOfPage":{"@id":"https:\/\/atelier-cric-automata.com\/index.php\/qui-suis-je\/#primaryimage"},"image":{"@id":"https:\/\/atelier-cric-automata.com\/index.php\/qui-suis-je\/#primaryimage"},"thumbnailUrl":"https:\/\/atelier-cric-automata.com\/wp-content\/uploads\/2023\/08\/Qui-suis-je-300x300.jpg","datePublished":"2023-08-16T12:41:49+00:00","dateModified":"2023-09-27T16:07:11+00:00","description":"Qui suis-je : Restauratrice d'automates et marionnettes, cr\u00e9atrice de marionnettes \u00e0 gaine et animatrice d'ateliers couture et marionnettes.","breadcrumb":{"@id":"https:\/\/atelier-cric-automata.com\/index.php\/qui-suis-je\/#breadcrumb"},"inLanguage":"en-US","potentialAction":[{"@type":"ReadAction","target":["https:\/\/atelier-cric-automata.com\/index.php\/qui-suis-je\/"]}]},{"@type":"ImageObject","inLanguage":"en-US","@id":"https:\/\/atelier-cric-automata.com\/index.php\/qui-suis-je\/#primaryimage","url":"https:\/\/atelier-cric-automata.com\/wp-content\/uploads\/2023\/08\/Qui-suis-je-300x300.jpg","contentUrl":"https:\/\/atelier-cric-automata.com\/wp-content\/uploads\/2023\/08\/Qui-suis-je-300x300.jpg"},{"@type":"BreadcrumbList","@id":"https:\/\/atelier-cric-automata.com\/index.php\/qui-suis-je\/#breadcrumb","itemListElement":[{"@type":"ListItem","position":1,"name":"Accueil","item":"https:\/\/atelier-cric-automata.com\/"},{"@type":"ListItem","position":2,"name":"Qui suis-je"}]},{"@type":"WebSite","@id":"https:\/\/atelier-cric-automata.com\/#website","url":"https:\/\/atelier-cric-automata.com\/","name":"Atelier Cric Automata","description":"Restauration d&#039;automates et marionnettes","publisher":{"@id":"https:\/\/atelier-cric-automata.com\/#organization"},"potentialAction":[{"@type":"SearchAction","target":{"@type":"EntryPoint","urlTemplate":"https:\/\/atelier-cric-automata.com\/?s={search_term_string}"},"query-input":{"@type":"PropertyValueSpecification","valueRequired":true,"valueName":"search_term_string"}}],"inLanguage":"en-US"},{"@type":"Organization","@id":"https:\/\/atelier-cric-automata.com\/#organization","name":"Atelier Cric Automata","url":"https:\/\/atelier-cric-automata.com\/","logo":{"@type":"ImageObject","inLanguage":"en-US","@id":"https:\/\/atelier-cric-automata.com\/#\/schema\/logo\/image\/","url":"https:\/\/atelier-cric-automata.com\/wp-content\/uploads\/2025\/02\/Logo-blanc-Test-2025-BLANC.png","contentUrl":"https:\/\/atelier-cric-automata.com\/wp-content\/uploads\/2025\/02\/Logo-blanc-Test-2025-BLANC.png","width":2034,"height":763,"caption":"Atelier Cric Automata"},"image":{"@id":"https:\/\/atelier-cric-automata.com\/#\/schema\/logo\/image\/"}}]}},"uagb_featured_image_src":{"full":false,"thumbnail":false,"medium":false,"medium_large":false,"large":false,"1536x1536":false,"2048x2048":false},"uagb_author_info":{"display_name":"admin6393","author_link":"https:\/\/atelier-cric-automata.com\/index.php\/author\/admin6393\/"},"uagb_comment_info":0,"uagb_excerpt":"Qui suis-je ? 15 ans d&#8217;exp\u00e9rience dans un univers insolite Apr\u00e8s 15 ann\u00e9es \u00e0 exercer en tant que costumi\u00e8re d\u00e9coratrice au sein des ateliers de fabrication du Mus\u00e9e des Automates du Vieux-Lyon, une nouvelle aventure passionnante, cr\u00e9ative et artisanale s&#8217;offre \u00e0 moi ! Je suis aujourd&#8217;hui Restauratrice d&#8217;automates et de marionnettes anciennes et modernes. Je&hellip;","_links":{"self":[{"href":"https:\/\/atelier-cric-automata.com\/index.php\/wp-json\/wp\/v2\/pages\/319","targetHints":{"allow":["GET"]}}],"collection":[{"href":"https:\/\/atelier-cric-automata.com\/index.php\/wp-json\/wp\/v2\/pages"}],"about":[{"href":"https:\/\/atelier-cric-automata.com\/index.php\/wp-json\/wp\/v2\/types\/page"}],"author":[{"embeddable":true,"href":"https:\/\/atelier-cric-automata.com\/index.php\/wp-json\/wp\/v2\/users\/1"}],"replies":[{"embeddable":true,"href":"https:\/\/atelier-cric-automata.com\/index.php\/wp-json\/wp\/v2\/comments?post=319"}],"version-history":[{"count":33,"href":"https:\/\/atelier-cric-automata.com\/index.php\/wp-json\/wp\/v2\/pages\/319\/revisions"}],"predecessor-version":[{"id":3674,"href":"https:\/\/atelier-cric-automata.com\/index.php\/wp-json\/wp\/v2\/pages\/319\/revisions\/3674"}],"wp:attachment":[{"href":"https:\/\/atelier-cric-automata.com\/index.php\/wp-json\/wp\/v2\/media?parent=319"}],"curies":[{"name":"wp","href":"https:\/\/api.w.org\/{rel}","templated":true}]}}